are the prime factors of 174844?
2, 43711
What are the prime factors of 4780?
2, 5, 239
What are the prime factors of 38154?
2, 3, 6359
What are the prime factors of 1278?
2, 3, 71
What are the prime factors of 18801?
3, 2089
What are the prime factors of 3318?
2, 3, 7, 79
What are the prime factors of 1959?
3, 653
List the prime factors of 16654.
2, 11, 757
List the prime factors of 8577.
3, 953
What are the prime factors of 12819?
3, 4273
What are the prime factors of 21796?
2, 5449
List the prime factors of 3952.
2, 13, 19
List the prime factors of 13877.
13877
What are the prime factors of 44023?
7, 19, 331
What are the prime factors of 3394?
2, 1697
What are the prime factors of 5146?
2, 31, 83
List the prime factors of 5929.
7, 11
What are the prime factors of 215?
5, 43
What are the prime factors of 536?
2, 67
What are the prime factors of 20232?
2, 3, 281
What are the prime factors of 17579?
17579
List the prime factors of 5796.
2, 3, 7, 23
List the prime factors of 17867.
17, 1051
List the prime factors of 41881.
7, 31, 193
What are the prime factors of 1020?
2, 3, 5, 17
What are the prime factors of 12323?
12323
What are the prime factors of 607?
607
What are the prime factors of 1551?
3, 11, 47
What are the prime factors of 30168?
2, 3, 419
What are the prime factors of 1833?
3, 13, 47
List the prime factors of 1177.
11, 107
List the prime factors of 67358.
2, 33679
List the prime factors of 38027.
11, 3457
What are the prime factors of 9484?
2, 2371
List the prime factors of 6524.
2, 7, 233
What are the prime factors of 14299?
79, 181
What are the prime factors of 33654?
2, 3, 71, 79
What are the prime factors of 39880?
2, 5, 997
List the prime factors of 27955.
5, 5591
What are the prime factors of 1319?
1319
List the prime factors of 1226.
2, 613
What are the prime factors of 25421?
11, 2311
What are the prime factors of 6859?
19
List the prime factors of 2062.
2, 1031
List the prime factors of 8583.
3, 2861
List the prime factors of 400.
2, 5
List the prime factors of 1594.
2, 797
What are the prime factors of 611?
13, 47
What are the prime factors of 35302?
2, 19, 929
List the prime factors of 1052.
2, 263
What are the prime factors of 122927?
7, 17, 1033
List the prime factors of 3311.
7, 11, 43
What are the prime factors of 129180?
2, 3, 5, 2153
List the prime factors of 9199.
9199
List the prime factors of 4008.
2, 3, 167
List the prime factors of 766.
2, 383
What are the prime factors of 9272?
2, 19, 61
List the prime factors of 28266.
2, 3, 7, 673
List the prime factors of 1756.
2, 439
What are the prime factors of 1417?
13, 109
What are the prime factors of 65353?
65353
List the prime factors of 25699.
31, 829
List the prime factors of 25495.
5, 5099
What are the prime factors of 83369?
11, 13, 53
List the prime factors of 769.
769
What are the prime factors of 17874?
2, 3, 331
List the prime factors of 25140.
2, 3, 5, 419
What are the prime factors of 996?
2, 3, 83
List the prime factors of 34471.
34471
List the prime factors of 43437.
3, 14479
List the prime factors of 1307.
1307
List the prime factors of 39568.
2, 2473
What are the prime factors of 107656?
2, 13457
List the prime factors of 10308.
2, 3, 859
List the prime factors of 252.
2, 3, 7
List the prime factors of 227.
227
List the prime factors of 1918.
2, 7, 137
What are the prime factors of 5440?
2, 5, 17
List the prime factors of 36372.
2, 3, 7, 433
List the prime factors of 113629.
199, 571
What are the prime factors of 12486?
2, 3, 2081
What are the prime factors of 5303?
5303
List the prime factors of 359.
359
What are the prime factors of 8682?
2, 3, 1447
What are the prime factors of 11045?
5, 47
List the prime factors of 2687.
2687
List the prime factors of 1161.
3, 43
What are the prime factors of 217?
7, 31
What are the prime factors of 5?
5
What are the prime factors of 3547?
3547
What are the prime factors of 5015?
5, 17, 59
List the prime factors of 2786.
2, 7, 199
List the prime factors of 5307.
3, 29, 61
What are the prime factors of 451?
11, 41
What are the prime factors of 19171?
19, 1009
List the prime factors of 42257.
42257
What are the prime factors of 9924?
2, 3, 827
What are the prime factors of 11979?
3, 11
List the prime factors of 9696.
2, 3, 101
List the prime factors of 1134.
2, 3, 7
List the prime factors of 40466.
2, 20233
List the prime factors of 126528.
2, 3, 659
What are the prime factors of 1884?
2, 3, 157
List the prime factors of 16344.
2, 3, 227
List the prime factors of 62409.
3, 71, 293
What are the prime factors of 2238?
2, 3, 373
What are the prime factors of 3701?
3701
List the prime factors of 3914.
2, 19, 103
What are the prime factors of 5437?
5437
List the prime factors of 5885.
5, 11, 107
What are the prime factors of 23004?
2, 3, 71
List the prime factors of 25073.
25073
What are the prime factors of 3156?
2, 3, 263
List the prime factors of 1917.
3, 71
List the prime factors of 1854.
2, 3, 103
List the prime factors of 154580.
2, 5, 59, 131
What are the prime factors of 8139?
3, 2713
What are the prime factors of 7792?
2, 487
What are the prime factors of 3046?
2, 1523
List the prime factors of 122613.
3, 23, 1777
What are the prime factors of 1528?
2, 191
List the prime factors of 101936.
2, 23, 277
List the prime factors of 6996.
2, 3, 11, 53
List the prime factors of 1036.
2, 7, 37
What are the prime factors of 15990?
2, 3, 5, 13, 41
What are the prime factors of 54120?
2, 3, 5, 11, 41
What are the prime factors of 5021?
5021
List the prime factors of 84855.
3, 5, 5657
What are the prime factors of 1215?
3, 5
List the prime factors of 115.
5, 23
List the prime factors of 24737.
29, 853
What are the prime factors of 1024?
2
What are the prime factors of 558?
2, 3, 31
List the prime factors of 14226.
2, 3, 2371
List the prime factors of 8591.
11, 71
What are the prime factors of 2921?
23, 127
List the prime factors of 376.
2, 47
What are the prime factors of 537?
3, 179
List the prime factors of 8211.
3, 7, 17, 23
What are the prime factors of 67?
67
What are the prime factors of 4651?
4651
What are the prime factors of 349?
349
List the prime factors of 124050.
2, 3, 5, 827
What are the prime factors of 735?
3, 5, 7
What are the prime factors of 233?
233
List the prime factors of 1901.
1901
List the prime factors of 15111.
3, 23, 73
What are the prime factors of 31945?
5, 6389
What are the prime factors of 15668?
2, 3917
What are the prime factors of 26146?
2, 17, 769
List the prime factors of 8724.
2, 3, 727
List the prime factors of 4277.
7, 13, 47
List the prime factors of 4207.
7, 601
What are the prime factors of 13052?
2, 13, 251
What are the prime factors of 1375?
5, 11
List the prime factors of 5777.
53, 109
List the prime factors of 30665.
5, 6133
List the prime factors of 37907.
37907
What are the prime factors of 9528?
2, 3, 397
List the prime factors of 50295.
3, 5, 7, 479
List the prime factors of 1529.
11, 139
What are the prime factors of 23155?
5, 11, 421
List the prime factors of 102545.
5, 20509
What are the prime factors of 123?
3, 41
List the prime factors of 37097.
37097
List the prime factors of 78208.
2, 13, 47
What are the prime factors of 11414?
2, 13, 439
List the prime factors of 18152.
2, 2269
List the prime factors of 287.
7, 41
List the prime factors of 27977.
101, 277
What are the prime factors of 2147?
19, 113
List the prime factors of 1579.
1579
What are the prime factors of 2939?
2939
What are the prime factors of 1155?
3, 5, 7, 11
List the prime factors of 12222.
2, 3, 7, 97
List the prime factors of 3091.
11, 281
What are the prime factors of 124152?
2, 3, 7, 739
List the prime factors of 31054.
2, 15527
What are the prime factors of 364?
2, 7, 13
What are the prime factors of 764?
2, 191
List the prime factors of 7279.
29, 251
What are the prime factors of 8616?
2, 3, 359
List the prime factors of 2373.
3, 7, 113
List the prime factors of 1100.
2, 5, 11
List the prime factors of 4909.
4909
List the prime factors of 3073.
7, 439
What are the prime factors of 40523?
7, 827
What are the prime factors of 7079?
7079
List the prime factors of 676.
2, 13
List the prime factors of 1430.
2, 5, 11, 13
List the prime factors of 38987.
13, 2999
List the prime factors of 996.
2, 3